?
2
What is the remainder when 24212 is divided by 917?
370
Calculate the remainder when 9781 is divided by 192.
181
Calculate the remainder when 444395 is divided by 88.
83
What is the remainder when 39487 is divided by 110?
107
What is the remainder when 264744 is divided by 88245?
9
Calculate the remainder when 662663 is divided by 132528.
23
Calculate the remainder when 7191 is divided by 2988.
1215
Calculate the remainder when 15482 is divided by 397.
396
What is the remainder when 75702 is divided by 31?
0
Calculate the remainder when 43976 is divided by 130.
36
What is the remainder when 164774 is divided by 7846?
8
What is the remainder when 270165 is divided by 11746?
7
What is the remainder when 5886 is divided by 652?
18
What is the remainder when 163557 is divided by 29?
26
What is the remainder when 278299 is divided by 121?
120
Calculate the remainder when 37864 is divided by 37766.
98
Calculate the remainder when 15870 is divided by 681.
207
What is the remainder when 187080 is divided by 23382?
24
Calculate the remainder when 421048 is divided by 210.
208
Calculate the remainder when 4448 is divided by 10.
8
Calculate the remainder when 453657 is divided by 109.
108
What is the remainder when 10332 is divided by 450?
432
Calculate the remainder when 22867 is divided by 3811.
1
What is the remainder when 36602 is divided by 235?
177
Calculate the remainder when 60599 is divided by 243.
92
Calculate the remainder when 280968 is divided by 16.
8
What is the remainder when 42016 is divided by 750?
16
Calculate the remainder when 3011 is divided by 2991.
20
Calculate the remainder when 131615 is divided by 21933.
17
Calculate the remainder when 678568 is divided by 339275.
18
What is the remainder when 271124 is divided by 20?
4
What is the remainder when 83741 is divided by 17?
16
What is the remainder when 324 is divided by 322?
2
Calculate the remainder when 410001 is divided by 87.
57
What is the remainder when 42763 is divided by 486?
481
Calculate the remainder when 17280 is divided by 72.
0
What is the remainder when 25071 is divided by 8295?
186
What is the remainder when 2614 is divided by 202?
190
Calculate the remainder when 1140 is divided by 19.
0
What is the remainder when 49108 is divided by 1142?
2
What is the remainder when 3735 is divided by 105?
60
Calculate the remainder when 122812 is divided by 22.
8
Calculate the remainder when 185034 is divided by 14.
10
What is the remainder when 89845 is divided by 1214?
9
What is the remainder when 149528 is divided by 49813?
89
What is the remainder when 3672 is divided by 377?
279
What is the remainder when 22101 is divided by 2455?
6
What is the remainder when 6550 is divided by 115?
110
Calculate the remainder when 19542 is divided by 1180.
662
Calculate the remainder when 37625 is divided by 18749.
127
What is the remainder when 47627 is divided by 126?
125
Calculate the remainder when 14347 is divided by 17.
16
What is the remainder when 939903 is divided by 198?
195
What is the remainder when 48613 is divided by 29?
9
What is the remainder when 2346 is divided by 189?
78
What is the remainder when 2881 is divided by 158?
37
What is the remainder when 2036 is divided by 1792?
244
What is the remainder when 17485 is divided by 21?
13
What is the remainder when 311910 is divided by 1974?
18
What is the remainder when 492151 is divided by 598?
595
Calculate the remainder when 52485 is divided by 36.
33
Calculate the remainder when 17845 is divided by 571.
144
What is the remainder when 122412 is divided by 219?
210
Calculate the remainder when 1365 is divided by 667.
31
Calculate the remainder when 221481 is divided by 82.
81
What is the remainder when 7954 is divided by 22?
12
What is the remainder when 10075 is divided by 5031?
13
Calculate the remainder when 7521 is divided by 846.
753
Calculate the remainder when 2454 is divided by 2443.
11
Calculate the remainder when 15063 is divided by 365.
98
What is the remainder when 43176 is divided by 608?
8
Calculate the remainder when 26179 is divided by 238.
237
What is the remainder when 62723 is divided by 246?
239
What is the remainder when 64351 is divided by 619?
594
Calculate the remainder when 20311 is divided by 4034.
141
Calculate the remainder when 517323 is divided by 302.
299
What is the remainder when 7218 is divided by 26?
16
What is the remainder when 1556 is divided by 783?
773
Calculate the remainder when 1385 is divided by 568.
249
Calculate the remainder when 10908 is divided by 25.
8
What is the remainder when 57580 is divided by 349?
344
What is the remainder when 5714 is divided by 2850?
14
Calculate the remainder when 2171 is divided by 1954.
217
Calculate the remainder when 106123 is divided by 528.
523
What is the remainder when 364139 is divided by 60?
59
What is the remainder when 9247 is divided by 711?
4
What is the remainder when 41999 is divided by 33?
23
What is the remainder when 140093 is divided by 203?
23
What is the remainder when 386310 is divided by 176?
166
What is the remainder when 4822 is divided by 37?
12
What is the remainder when 42623 is divided by 650?
373
Calculate the remainder when 45690 is divided by 277.
262
Calculate the remainder when 20491797 is divided by 1666.
1663
What is the remainder when 262078 is divided by 140?
138
Calculate the remainder when 22549 is divided by 237.
34
Calculate the remainder when 838 is divided by 96.
70
What is the remainder when 363 is divided by 356?
7
What is the remainder when 8868 is divided by 44?
24
What is the remainder when 24471 is divided by 25?
21
Calculate the remainder when 82362 is divided by 49.
42
What is the remainder when 34907 is divided by 431?
427
Calculate the remainder when 88422 is divided by 9.
6
Calculate the remainder when 91704 is divided by 5727.
72
Calculate the remainder when 5037 is divided by 43.
6
What is the remainder when 24637 is divided by 4105?
7
Calculate the remainder when 93564 is divided by 128.
124
Calculate the remainder when 2444 is divided by 92.
52
Calculate the remainder when 52985 is divided by 7.
2
Calculate the remainder when 9422 is divided by 496.
494
Calculate the remainder when 12030 is divided by 503.
461
Calculate the remainder when 336104 is divided by 619.
606
What is the remainder when 286572 is divided by 231?
132
Calculate the remainder when 47810 is divided by 69.
62
Calculate the remainder when 91826 is divided by 11.
9
Calculate the remainder when 21928 is divided by 2.
0
Calculate the remainder when 37482 is divided by 153.
150
What is the remainder when 1484 is divided by 362?
36
What is the remainder when 5933 is divided by 1966?
35
Calculate the remainder when 7945 is divided by 7.
0
Calculate the remainder when 1394186 is divided by 51.
50
What is the remainder when 11154 is divided by 3714?
12
What is the remainder when 3821 is divided by 182?
181
What is the remainder when 15186 is divided by 96?
18
Calculate the remainder when 12885 is divided by 12844.
41
Calculate the remainder when 10382 is divided by 18.
14
What is the remainder when 12570 is divided by 86?
14
Calculate the remainder when 3016 is divided by 555.
241
What is the remainder when 1144 is divided by 876?
268
Calculate the remainder when 867374 is divided by 9.
8
Calculate the remainder when 1138402 is divided by 78.
70
What is the remainder when 832 is divided by 250?
82
What is the remainder when 36971 is divided by 168?
11
What is the remainder when 505705 is divided by 303?
301
What is the remainder when 2055501 is divided by 204?
201
Calculate the remainder when 7146 is divided by 285.
21
What is the remainder when 190007 is divided by 243?
224
What is the remainder when 1674 is divided by 38?
2
What is the remainder when 13040 is divided by 16?
0
Calculate the remainder when 48640 is divided by 127.
126
What is the remainder when 9659 is divided by 4785?
89
What is the remainder when 3448 is divided by 194?
150
What is the remainder when 77426 is divided by 159?
152
What is the remainder when 13760 is divided by 13731?
29
What is the remainder when 6631 is divided by 23?
7
Calculate the remainder when 80121 is divided by 20028.
9
What is the remainder when 79144 is divided by 40?
24
What i